{"id":339051,"date":"2023-09-30T00:57:55","date_gmt":"2023-09-29T22:57:55","guid":{"rendered":"https:\/\/www.impactarte.es\/?page_id=339051"},"modified":"2025-07-29T15:35:04","modified_gmt":"2025-07-29T13:35:04","slug":"kyiv-symphony-orchestra-en-la-cumbre-otan","status":"publish","type":"page","link":"https:\/\/www.impactarte.es\/en\/kyiv-symphony-orchestra-en-la-cumbre-otan\/","title":{"rendered":"Kyiv Symphony Orchestra at the NATO Summit"},"content":{"rendered":"<p>[et_pb_section fb_built=\u00bb1&#8243; admin_label=\u00bbHeader\u00bb _builder_version=\u00bb4.22.0&#8243; _module_preset=\u00bbdefault\u00bb background_enable_color=\u00bboff\u00bb custom_margin=\u00bb||||false|false\u00bb custom_padding=\u00bb0px||0px||false|false\u00bb locked=\u00bboff\u00bb collapsed=\u00bboff\u00bb global_colors_info=\u00bb{}\u00bb][et_pb_row column_structure=\u00bb1_2,1_2&#8243; use_custom_gutter=\u00bbon\u00bb gutter_width=\u00bb1&#8243; make_equal=\u00bbon\u00bb _builder_version=\u00bb4.22.0&#8243; _module_preset=\u00bbdefault\u00bb background_color=\u00bbRGBA(255,255,255,0)\u00bb background_image=\u00bbhttps:\/\/www.impactarte.es\/wp-content\/uploads\/jewelry-designer-54.png\u00bb background_size=\u00bbcontain\u00bb background_position=\u00bbtop_center\u00bb width=\u00bb100%\u00bb max_width=\u00bb100%\u00bb custom_margin=\u00bb0px||||false|false\u00bb custom_padding=\u00bb0px||0px||false|false\u00bb global_colors_info=\u00bb{}\u00bb][et_pb_column type=\u00bb1_2&#8243; _builder_version=\u00bb4.22.0&#8243; _module_preset=\u00bbdefault\u00bb background_enable_color=\u00bboff\u00bb background_enable_image=\u00bboff\u00bb background_blend=\u00bboverlay\u00bb custom_padding=\u00bb8%|4%|8%|4%|true|true\u00bb custom_padding_tablet=\u00bb14%|8%|14%|8%|true|true\u00bb custom_padding_phone=\u00bb8%||8%||true|true\u00bb custom_padding_last_edited=\u00bbon|desktop\u00bb background_color_tablet=\u00bbrgba(0,0,0,0.6)\u00bb background_last_edited=\u00bbon|phone\u00bb background_enable_color_tablet=\u00bbon\u00bb background_image_tablet=\u00bbhttps:\/\/www.impactarte.es\/wp-content\/uploads\/kyiv-symphony-orchesta-cumbre-otan.webp\u00bb background_image_phone=\u00bbhttps:\/\/www.impactarte.es\/wp-content\/uploads\/kyiv-symphony-orchesta-cumbre-otan.webp\u00bb background_enable_image_tablet=\u00bbon\u00bb background_enable_image_phone=\u00bbon\u00bb background_position_tablet=\u00bbtop_left\u00bb global_colors_info=\u00bb{}\u00bb][et_pb_text _builder_version=\u00bb4.22.0&#8243; _module_preset=\u00bbc16985e1-e0d6-4022-964d-e2bfc04fa633&#8243; header_font=\u00bb|800|||||||\u00bb header_text_align=\u00bbleft\u00bb header_text_color=\u00bb#000000&#8243; header_font_size=\u00bb80px\u00bb header_line_height=\u00bb1.3em\u00bb text_orientation=\u00bbcenter\u00bb custom_margin=\u00bb8px||30px||false|false\u00bb custom_margin_tablet=\u00bb0px||||false|false\u00bb custom_margin_phone=\u00bb0px||||false|false\u00bb custom_margin_last_edited=\u00bbon|phone\u00bb custom_padding=\u00bb||28px||false|false\u00bb header_text_color_tablet=\u00bb#FFFFFF\u00bb header_text_color_phone=\u00bb#FFFFFF\u00bb header_text_color_last_edited=\u00bbon|phone\u00bb header_font_size_tablet=\u00bb50px\u00bb header_font_size_phone=\u00bb26px\u00bb header_font_size_last_edited=\u00bbon|phone\u00bb global_colors_info=\u00bb{}\u00bb]<\/p>\n<h1><span>Kyiv Symphony Orchestra at the NATO Summit<\/span><\/h1>\n<p>[\/et_pb_text][\/et_pb_column][et_pb_column type=\u00bb1_2&#8243; disabled_on=\u00bbon|on|off\u00bb _builder_version=\u00bb4.22.0&#8243; _module_preset=\u00bbdefault\u00bb background_enable_color=\u00bboff\u00bb background_image=\u00bbhttps:\/\/www.impactarte.es\/wp-content\/uploads\/kyiv-symphony-orchesta-cumbre-otan.webp\u00bb background_position=\u00bbtop_left\u00bb background_blend=\u00bboverlay\u00bb custom_padding=\u00bb8%|4%|8%|4%|true|true\u00bb custom_padding_tablet=\u00bb8%|8%|8%|8%|true|true\u00bb custom_padding_phone=\u00bb8%||8%||true|true\u00bb custom_padding_last_edited=\u00bbon|desktop\u00bb background_last_edited=\u00bbon|phone\u00bb global_colors_info=\u00bb{}\u00bb][\/et_pb_column][\/et_pb_row][\/et_pb_section][et_pb_section fb_built=\u00bb1&#8243; admin_label=\u00bbAbout\u00bb _builder_version=\u00bb4.22.0&#8243; _module_preset=\u00bbdefault\u00bb background_color=\u00bb#f9f9f9&#8243; custom_padding=\u00bb||3px|||\u00bb collapsed=\u00bbon\u00bb global_colors_info=\u00bb{}\u00bb][et_pb_row _builder_version=\u00bb4.17.4&#8243; _module_preset=\u00bbdefault\u00bb global_colors_info=\u00bb{}\u00bb][et_pb_column type=\u00bb4_4&#8243; _builder_version=\u00bb4.17.4&#8243; _module_preset=\u00bbdefault\u00bb global_colors_info=\u00bb{}\u00bb][et_pb_text _builder_version=\u00bb4.22.0&#8243; _module_preset=\u00bb518880c8-46c7-4ffa-b5a6-93ffa99dcc17&#8243; text_font=\u00bbMontserrat||||||||\u00bb text_text_color=\u00bb#000000&#8243; text_line_height=\u00bb1.6em\u00bb text_font_size_tablet=\u00bb14px\u00bb text_font_size_phone=\u00bb11px\u00bb text_font_size_last_edited=\u00bbon|phone\u00bb global_colors_info=\u00bb{}\u00bb]<\/p>\n<p><span>Project focused on the development of the communication of the Kyiv Symphony Orchestra on the occasion of the concert they gave at the NATO Summit held in Madrid in June 2022.<\/span><\/p>\n<p><span> The project was carried out for the Government of Spain through the Spanish Agency for International Development Cooperation (AECID), an entity attached to the Ministry of Foreign Affairs, European Union and Cooperation.<\/span><\/p>\n<p>[\/et_pb_text][\/et_pb_column][\/et_pb_row][et_pb_row column_structure=\u00bb1_2,1_2&#8243; _builder_version=\u00bb4.17.4&#8243; _module_preset=\u00bbdefault\u00bb global_colors_info=\u00bb{}\u00bb][et_pb_column type=\u00bb1_2&#8243; _builder_version=\u00bb4.17.4&#8243; _module_preset=\u00bbdefault\u00bb global_colors_info=\u00bb{}\u00bb][et_pb_video src=\u00bbhttps:\/\/www.youtube.com\/watch?v=AztHGmetM3s\u00bb image_src=\u00bb\/\/i.ytimg.com\/vi\/AztHGmetM3s\/hqdefault.jpg\u00bb _builder_version=\u00bb4.22.0&#8243; _module_preset=\u00bbdefault\u00bb global_colors_info=\u00bb{}\u00bb][\/et_pb_video][\/et_pb_column][et_pb_column type=\u00bb1_2&#8243; _builder_version=\u00bb4.17.4&#8243; _module_preset=\u00bbdefault\u00bb global_colors_info=\u00bb{}\u00bb][et_pb_blurb title=\u00bb EL PA\u00cdS &#8211; REPORTAJE\u00bb url=\u00bbhttps:\/\/elpais.com\/cultura\/2022-06-28\/la-orquesta-sinfonica-de-kiev-el-frente-cultural-nomada-de-zelenski-llega-a-madrid.html\u00bb use_icon=\u00bbon\u00bb font_icon=\u00bb&#xe02b;||divi||400&#8243; icon_color=\u00bb#E02B20&#8243; icon_placement=\u00bbleft\u00bb _builder_version=\u00bb4.22.0&#8243; _module_preset=\u00bbdefault\u00bb header_font=\u00bbKrona One||||||||\u00bb header_font_size=\u00bb16px\u00bb header_line_height=\u00bb1.8em\u00bb global_colors_info=\u00bb{}\u00bb][\/et_pb_blurb][et_pb_blurb title=\u00bbANTENA 3 &#8211; ENTREVISTA\u00bb url=\u00bbhttps:\/\/www.youtube.com\/watch?v=JwC52XsA1wg\u00bb use_icon=\u00bbon\u00bb font_icon=\u00bb&#xe02b;||divi||400&#8243; icon_color=\u00bb#E02B20&#8243; icon_placement=\u00bbleft\u00bb _builder_version=\u00bb4.22.0&#8243; _module_preset=\u00bbdefault\u00bb header_font=\u00bbKrona One||||||||\u00bb header_font_size=\u00bb16px\u00bb header_line_height=\u00bb1.8em\u00bb global_colors_info=\u00bb{}\u00bb][\/et_pb_blurb][et_pb_blurb title=\u00bb TVE &#8211; ENTREVISTA\u00bb url=\u00bbhttps:\/\/www.rtve.es\/play\/videos\/telediario\/sinfonica-kiev-cena-otan\/6638385\/\u00bb use_icon=\u00bbon\u00bb font_icon=\u00bb&#xe02b;||divi||400&#8243; icon_color=\u00bb#E02B20&#8243; icon_placement=\u00bbleft\u00bb _builder_version=\u00bb4.22.0&#8243; _module_preset=\u00bbdefault\u00bb header_font=\u00bbKrona One||||||||\u00bb header_font_size=\u00bb16px\u00bb header_line_height=\u00bb1.8em\u00bb global_colors_info=\u00bb{}\u00bb][\/et_pb_blurb][et_pb_blurb title=\u00bbEL MUNDO &#8211; REPORTAJE\u00bb url=\u00bbhttps:\/\/www.dropbox.com\/scl\/fo\/vbyyf67bfeek6dgawqkd6\/h?dl=0&#038;rlkey=h5qb0saiqbfefy45j8jdf5arn\u00bb use_icon=\u00bbon\u00bb font_icon=\u00bb&#xe02b;||divi||400&#8243; icon_color=\u00bb#E02B20&#8243; icon_placement=\u00bbleft\u00bb _builder_version=\u00bb4.22.0&#8243; _module_preset=\u00bbdefault\u00bb header_font=\u00bbKrona One||||||||\u00bb header_font_size=\u00bb16px\u00bb header_line_height=\u00bb1.8em\u00bb global_colors_info=\u00bb{}\u00bb][\/et_pb_blurb][et_pb_blurb title=\u00bbEL CONFIDENCIAL &#8211; REPORTAJE\u00bb url=\u00bbhttps:\/\/www.elconfidencial.com\/cultura\/2022-06-29\/musicos-ucrania-cumbre-otan-cena-concierto_3452126\/\u00bb use_icon=\u00bbon\u00bb font_icon=\u00bb&#xe02b;||divi||400&#8243; icon_color=\u00bb#E02B20&#8243; icon_placement=\u00bbleft\u00bb _builder_version=\u00bb4.22.0&#8243; _module_preset=\u00bbdefault\u00bb header_font=\u00bbKrona One||||||||\u00bb header_font_size=\u00bb16px\u00bb header_line_height=\u00bb1.8em\u00bb global_colors_info=\u00bb{}\u00bb][\/et_pb_blurb][\/et_pb_column][\/et_pb_row][et_pb_row column_structure=\u00bb1_2,1_2&#8243; _builder_version=\u00bb4.22.0&#8243; _module_preset=\u00bbdefault\u00bb global_colors_info=\u00bb{}\u00bb][et_pb_column type=\u00bb1_2&#8243; _builder_version=\u00bb4.22.0&#8243; _module_preset=\u00bbdefault\u00bb global_colors_info=\u00bb{}\u00bb][et_pb_text _builder_version=\u00bb4.21.0&#8243; _module_preset=\u00bbdefault\u00bb text_font=\u00bbKrona One|700|||||||\u00bb text_text_color=\u00bb#000000&#8243; global_colors_info=\u00bb{}\u00bb]<\/p>\n<p>Share with your friends:<\/p>\n<p>[\/et_pb_text][et_pb_text _builder_version=\u00bb4.21.0&#8243; _module_preset=\u00bbdefault\u00bb global_colors_info=\u00bb{}\u00bb]<div class=\"addtoany_shortcode\"><div class=\"a2a_kit a2a_kit_size_32 addtoany_list\" data-a2a-url=\"https:\/\/www.impactarte.es\/en\/kyiv-symphony-orchestra-en-la-cumbre-otan\/\" data-a2a-title=\"Kyiv Symphony Orchestra en la Cumbre OTAN\"><a class=\"a2a_button_facebook\" href=\"https:\/\/www.addtoany.com\/add_to\/facebook?linkurl=https%3A%2F%2Fwww.impactarte.es%2Fen%2Fkyiv-symphony-orchestra-en-la-cumbre-otan%2F&amp;linkname=Kyiv%20Symphony%20Orchestra%20en%20la%20Cumbre%20OTAN\" title=\"Facebook\" rel=\"nofollow noopener\" target=\"_blank\"><\/a><a class=\"a2a_button_twitter\" href=\"https:\/\/www.addtoany.com\/add_to\/twitter?linkurl=https%3A%2F%2Fwww.impactarte.es%2Fen%2Fkyiv-symphony-orchestra-en-la-cumbre-otan%2F&amp;linkname=Kyiv%20Symphony%20Orchestra%20en%20la%20Cumbre%20OTAN\" title=\"Twitter\" rel=\"nofollow noopener\" target=\"_blank\"><\/a><a class=\"a2a_button_linkedin\" href=\"https:\/\/www.addtoany.com\/add_to\/linkedin?linkurl=https%3A%2F%2Fwww.impactarte.es%2Fen%2Fkyiv-symphony-orchestra-en-la-cumbre-otan%2F&amp;linkname=Kyiv%20Symphony%20Orchestra%20en%20la%20Cumbre%20OTAN\" title=\"LinkedIn\" rel=\"nofollow noopener\" target=\"_blank\"><\/a><a class=\"a2a_button_whatsapp\" href=\"https:\/\/www.addtoany.com\/add_to\/whatsapp?linkurl=https%3A%2F%2Fwww.impactarte.es%2Fen%2Fkyiv-symphony-orchestra-en-la-cumbre-otan%2F&amp;linkname=Kyiv%20Symphony%20Orchestra%20en%20la%20Cumbre%20OTAN\" title=\"WhatsApp\" rel=\"nofollow noopener\" target=\"_blank\"><\/a><a class=\"a2a_dd addtoany_share_save addtoany_share\" href=\"https:\/\/www.addtoany.com\/share\"><\/a><\/div><\/div>[\/et_pb_text][\/et_pb_column][et_pb_column type=\u00bb1_2&#8243; _builder_version=\u00bb4.22.0&#8243; _module_preset=\u00bbdefault\u00bb global_colors_info=\u00bb{}\u00bb][\/et_pb_column][\/et_pb_row][\/et_pb_section]<\/p>","protected":false},"excerpt":{"rendered":"<p>Kyiv Symphony Orchestra en la Cumbre OTANProyecto centrado en el desarrollo de la comunicaci\u00f3n de la\u00a0Kyiv Symphony Orchestra con motivo del concierto que ofrecieron en la Cumbre de la OTAN celebrada en Madrid en junio de 2022. El proyecto se realiz\u00f3 para el Gobierno de Espa\u00f1a a trav\u00e9s de\u00a0la Agencia Espa\u00f1ola de Cooperaci\u00f3n Internacional para [&hellip;]<\/p>","protected":false},"author":1,"featured_media":0,"parent":0,"menu_order":0,"comment_status":"closed","ping_status":"closed","template":"","meta":{"_et_pb_use_builder":"on","_et_pb_old_content":"","_et_gb_content_width":"","footnotes":""},"class_list":["post-339051","page","type-page","status-publish","hentry"],"_links":{"self":[{"href":"https:\/\/www.impactarte.es\/en\/wp-json\/wp\/v2\/pages\/339051","targetHints":{"allow":["GET"]}}],"collection":[{"href":"https:\/\/www.impactarte.es\/en\/wp-json\/wp\/v2\/pages"}],"about":[{"href":"https:\/\/www.impactarte.es\/en\/wp-json\/wp\/v2\/types\/page"}],"author":[{"embeddable":true,"href":"https:\/\/www.impactarte.es\/en\/wp-json\/wp\/v2\/users\/1"}],"replies":[{"embeddable":true,"href":"https:\/\/www.impactarte.es\/en\/wp-json\/wp\/v2\/comments?post=339051"}],"version-history":[{"count":6,"href":"https:\/\/www.impactarte.es\/en\/wp-json\/wp\/v2\/pages\/339051\/revisions"}],"predecessor-version":[{"id":340741,"href":"https:\/\/www.impactarte.es\/en\/wp-json\/wp\/v2\/pages\/339051\/revisions\/340741"}],"wp:attachment":[{"href":"https:\/\/www.impactarte.es\/en\/wp-json\/wp\/v2\/media?parent=339051"}],"curies":[{"name":"wp","href":"https:\/\/api.w.org\/{rel}","templated":true}]}}

<p>[et_pb_section fb_built=»1&#8243; admin_label=»Header» _builder_version=»4.22.0&#8243; _module_preset=»default» background_enable_color=»off» custom_margin=»||||false|false» custom_padding=»0px||0px||false|false» locked=»off» collapsed=»off» global_colors_info=»{}»][et_pb_row column_structure=»1_2,1_2&#8243; use_custom_gutter=»on» gutter_width=»1&#8243; make_equal=»on» _builder_version=»4.22.0&#8243; _module_preset=»default» background_color=»RGBA(255,255,255,0)» background_image=»https://www.impactarte.es/wp-content/uploads/jewelry-designer-54.png» background_size=»contain» background_position=»top_center» width=»100%» max_width=»100%» custom_margin=»0px||||false|false» custom_padding=»0px||0px||false|false» global_colors_info=»{}»][et_pb_column type=»1_2&#8243; _builder_version=»4.22.0&#8243; _module_preset=»default» background_enable_color=»off» background_enable_image=»off» background_blend=»overlay» custom_padding=»8%|4%|8%|4%|true|true» custom_padding_tablet=»14%|8%|14%|8%|true|true» custom_padding_phone=»8%||8%||true|true» custom_padding_last_edited=»on|desktop» background_color_tablet=»rgba(0,0,0,0.6)» background_last_edited=»on|phone» background_enable_color_tablet=»on» background_image_tablet=»https://www.impactarte.es/wp-content/uploads/kyiv-symphony-orchesta-cumbre-otan.webp» background_image_phone=»https://www.impactarte.es/wp-content/uploads/kyiv-symphony-orchesta-cumbre-otan.webp» background_enable_image_tablet=»on» background_enable_image_phone=»on» background_position_tablet=»top_left» global_colors_info=»{}»][et_pb_text _builder_version=»4.22.0&#8243; _module_preset=»c16985e1-e0d6-4022-964d-e2bfc04fa633&#8243; header_font=»|800|||||||» header_text_align=»left» header_text_color=»#000000&#8243; header_font_size=»80px» header_line_height=»1.3em» text_orientation=»center» custom_margin=»8px||30px||false|false» custom_margin_tablet=»0px||||false|false» custom_margin_phone=»0px||||false|false» custom_margin_last_edited=»on|phone» custom_padding=»||28px||false|false» header_text_color_tablet=»#FFFFFF» header_text_color_phone=»#FFFFFF» header_text_color_last_edited=»on|phone» header_font_size_tablet=»50px» header_font_size_phone=»26px» header_font_size_last_edited=»on|phone» global_colors_info=»{}»]</p>
<h1><span>Kyiv Symphony Orchestra at the NATO Summit</span></h1>
<p>[/et_pb_text][/et_pb_column][et_pb_column type=»1_2&#8243; disabled_on=»on|on|off» _builder_version=»4.22.0&#8243; _module_preset=»default» background_enable_color=»off» background_image=»https://www.impactarte.es/wp-content/uploads/kyiv-symphony-orchesta-cumbre-otan.webp» background_position=»top_left» background_blend=»overlay» custom_padding=»8%|4%|8%|4%|true|true» custom_padding_tablet=»8%|8%|8%|8%|true|true» custom_padding_phone=»8%||8%||true|true» custom_padding_last_edited=»on|desktop» background_last_edited=»on|phone» global_colors_info=»{}»][/et_pb_column][/et_pb_row][/et_pb_section][et_pb_section fb_built=»1&#8243; admin_label=»About» _builder_version=»4.22.0&#8243; _module_preset=»default» background_color=»#f9f9f9&#8243; custom_padding=»||3px|||» collapsed=»on» global_colors_info=»{}»][et_pb_row _builder_version=»4.17.4&#8243; _module_preset=»default» global_colors_info=»{}»][et_pb_column type=»4_4&#8243; _builder_version=»4.17.4&#8243; _module_preset=»default» global_colors_info=»{}»][et_pb_text _builder_version=»4.22.0&#8243; _module_preset=»518880c8-46c7-4ffa-b5a6-93ffa99dcc17&#8243; text_font=»Montserrat||||||||» text_text_color=»#000000&#8243; text_line_height=»1.6em» text_font_size_tablet=»14px» text_font_size_phone=»11px» text_font_size_last_edited=»on|phone» global_colors_info=»{}»]</p>
<p><span>Project focused on the development of the communication of the Kyiv Symphony Orchestra on the occasion of the concert they gave at the NATO Summit held in Madrid in June 2022.</span></p>
<p><span> The project was carried out for the Government of Spain through the Spanish Agency for International Development Cooperation (AECID), an entity attached to the Ministry of Foreign Affairs, European Union and Cooperation.</span></p>
<p>[/et_pb_text][/et_pb_column][/et_pb_row][et_pb_row column_structure=»1_2,1_2&#8243; _builder_version=»4.17.4&#8243; _module_preset=»default» global_colors_info=»{}»][et_pb_column type=»1_2&#8243; _builder_version=»4.17.4&#8243; _module_preset=»default» global_colors_info=»{}»][et_pb_video src=»https://www.youtube.com/watch?v=AztHGmetM3s» image_src=»//i.ytimg.com/vi/AztHGmetM3s/hqdefault.jpg» _builder_version=»4.22.0&#8243; _module_preset=»default» global_colors_info=»{}»][/et_pb_video][/et_pb_column][et_pb_column type=»1_2&#8243; _builder_version=»4.17.4&#8243; _module_preset=»default» global_colors_info=»{}»][et_pb_blurb title=» EL PAÍS &#8211; REPORTAJE» url=»https://elpais.com/cultura/2022-06-28/la-orquesta-sinfonica-de-kiev-el-frente-cultural-nomada-de-zelenski-llega-a-madrid.html» use_icon=»on» font_icon=»&#xe02b;||divi||400&#8243; icon_color=»#E02B20&#8243; icon_placement=»left» _builder_version=»4.22.0&#8243; _module_preset=»default» header_font=»Krona One||||||||» header_font_size=»16px» header_line_height=»1.8em» global_colors_info=»{}»][/et_pb_blurb][et_pb_blurb title=»ANTENA 3 &#8211; ENTREVISTA» url=»https://www.youtube.com/watch?v=JwC52XsA1wg» use_icon=»on» font_icon=»&#xe02b;||divi||400&#8243; icon_color=»#E02B20&#8243; icon_placement=»left» _builder_version=»4.22.0&#8243; _module_preset=»default» header_font=»Krona One||||||||» header_font_size=»16px» header_line_height=»1.8em» global_colors_info=»{}»][/et_pb_blurb][et_pb_blurb title=» TVE &#8211; ENTREVISTA» url=»https://www.rtve.es/play/videos/telediario/sinfonica-kiev-cena-otan/6638385/» use_icon=»on» font_icon=»&#xe02b;||divi||400&#8243; icon_color=»#E02B20&#8243; icon_placement=»left» _builder_version=»4.22.0&#8243; _module_preset=»default» header_font=»Krona One||||||||» header_font_size=»16px» header_line_height=»1.8em» global_colors_info=»{}»][/et_pb_blurb][et_pb_blurb title=»EL MUNDO &#8211; REPORTAJE» url=»https://www.dropbox.com/scl/fo/vbyyf67bfeek6dgawqkd6/h?dl=0&#038;rlkey=h5qb0saiqbfefy45j8jdf5arn» use_icon=»on» font_icon=»&#xe02b;||divi||400&#8243; icon_color=»#E02B20&#8243; icon_placement=»left» _builder_version=»4.22.0&#8243; _module_preset=»default» header_font=»Krona One||||||||» header_font_size=»16px» header_line_height=»1.8em» global_colors_info=»{}»][/et_pb_blurb][et_pb_blurb title=»EL CONFIDENCIAL &#8211; REPORTAJE» url=»https://www.elconfidencial.com/cultura/2022-06-29/musicos-ucrania-cumbre-otan-cena-concierto_3452126/» use_icon=»on» font_icon=»&#xe02b;||divi||400&#8243; icon_color=»#E02B20&#8243; icon_placement=»left» _builder_version=»4.22.0&#8243; _module_preset=»default» header_font=»Krona One||||||||» header_font_size=»16px» header_line_height=»1.8em» global_colors_info=»{}»][/et_pb_blurb][/et_pb_column][/et_pb_row][et_pb_row column_structure=»1_2,1_2&#8243; _builder_version=»4.22.0&#8243; _module_preset=»default» global_colors_info=»{}»][et_pb_column type=»1_2&#8243; _builder_version=»4.22.0&#8243; _module_preset=»default» global_colors_info=»{}»][et_pb_text _builder_version=»4.21.0&#8243; _module_preset=»default» text_font=»Krona One|700|||||||» text_text_color=»#000000&#8243; global_colors_info=»{}»]</p>
<p>Share with your friends:</p>
<p>[/et_pb_text][et_pb_text _builder_version=»4.21.0&#8243; _module_preset=»default» global_colors_info=»{}»]<div class="addtoany_shortcode"><div class="a2a_kit a2a_kit_size_32 addtoany_list" data-a2a-url="https://www.impactarte.es/en/kyiv-symphony-orchestra-en-la-cumbre-otan/" data-a2a-title="Kyiv Symphony Orchestra en la Cumbre OTAN"><a class="a2a_button_facebook" href="https://www.addtoany.com/add_to/facebook?linkurl=https%3A%2F%2Fwww.impactarte.es%2Fen%2Fkyiv-symphony-orchestra-en-la-cumbre-otan%2F&amp;linkname=Kyiv%20Symphony%20Orchestra%20en%20la%20Cumbre%20OTAN" title="Facebook" rel="nofollow noopener" target="_blank"></a><a class="a2a_button_twitter" href="https://www.addtoany.com/add_to/twitter?linkurl=https%3A%2F%2Fwww.impactarte.es%2Fen%2Fkyiv-symphony-orchestra-en-la-cumbre-otan%2F&amp;linkname=Kyiv%20Symphony%20Orchestra%20en%20la%20Cumbre%20OTAN" title="Twitter" rel="nofollow noopener" target="_blank"></a><a class="a2a_button_linkedin" href="https://www.addtoany.com/add_to/linkedin?linkurl=https%3A%2F%2Fwww.impactarte.es%2Fen%2Fkyiv-symphony-orchestra-en-la-cumbre-otan%2F&amp;linkname=Kyiv%20Symphony%20Orchestra%20en%20la%20Cumbre%20OTAN" title="LinkedIn" rel="nofollow noopener" target="_blank"></a><a class="a2a_button_whatsapp" href="https://www.addtoany.com/add_to/whatsapp?linkurl=https%3A%2F%2Fwww.impactarte.es%2Fen%2Fkyiv-symphony-orchestra-en-la-cumbre-otan%2F&amp;linkname=Kyiv%20Symphony%20Orchestra%20en%20la%20Cumbre%20OTAN" title="WhatsApp" rel="nofollow noopener" target="_blank"></a><a class="a2a_dd addtoany_share_save addtoany_share" href="https://www.addtoany.com/share"></a></div></div>[/et_pb_text][/et_pb_column][et_pb_column type=»1_2&#8243; _builder_version=»4.22.0&#8243; _module_preset=»default» global_colors_info=»{}»][/et_pb_column][/et_pb_row][/et_pb_section]</p>

<p>Kyiv Symphony Orchestra en la Cumbre OTANProyecto centrado en el desarrollo de la comunicación de la Kyiv Symphony Orchestra con motivo del concierto que ofrecieron en la Cumbre de la OTAN celebrada en Madrid en junio de 2022. El proyecto se realizó para el Gobierno de España a través de la Agencia Española de Cooperación Internacional para [&hellip;]</p>
